x(l) = 34*l**2 + l. Let i be x(1). Calculate the highest common factor of i and o.
7
Let j(u) = 2*u - 2. Let k be j(6). Let x(f) = -19*f - 17*f + 39*f. Let b be x(k). What is the highest common factor of b and 5?
5
Let d(f) = -f**3 + 8*f**2 - 5*f + 6. Let c be d(7). Suppose 4*y = r + c, 4*y - 16 = -2*r + 16. What is the greatest common divisor of y and 3?
3
Let x = -4695 + 4821. Suppose 2*f - f = 4*n - 80, 4*f = 5*n - 89. Calculate the highest common divisor of x and n.
21
Suppose -4*j + 10 + 2 = 0. Suppose -2*p = -0*p + j*c - 18, -45 = -5*p - c. Suppose -p*i = -5*i - 220. Calculate the highest common factor of 5 and i.
5
Let f = 91 - 190. Let k = f + -13. Let g = 50 - k. Calculate the greatest common factor of 18 and g.
18
Let c = -6 + 15. Suppose -5*u - c + 31 = -3*r, -1 = 4*r - u. Calculate the highest common divisor of 11 and r.
1
Let h be (-3 - -35 - (5 + -4)) + 2. What is the greatest common divisor of h and 264?
33
Let w be 26334/1089 + (-2)/11. What is the greatest common divisor of w and 42?
6
Suppose -555 - 307 = -2*f + 3*s, f - 2*s = 430. What is the greatest common factor of 62 and f?
62
Suppose 3*r + 157 = x, 3 + 3 = -2*r. What is the highest common divisor of x and 185?
37
Suppose -92 = 2*t - 326. Suppose 0*l - 2*m = -8*l + 318, 0 = -l - m + 36. What is the highest common divisor of t and l?
39
Let t be (-10)/(-35) + 11/(231/5202). What is the highest common factor of 62 and t?
62
Let t(h) = -3*h - 6. Let u be t(5). Let i = -82 + 119. Let f = i + u. Calculate the greatest common divisor of 40 and f.
8
Suppose 682 = 29*h + 2*h. Calculate the highest common factor of 11 and h.
11
Suppose 72 = 363*h - 360*h. What is the greatest common divisor of h and 60?
12
Suppose -2534 = -82*r + 3534. Calculate the highest common factor of 1739 and r.
37
Let g be 0 + 18 - (-1)/(-1). Let t(i) = 14*i**2 - 21*i + 73. Let v be t(3). Calculate the greatest common factor of g and v.
17
Let g = 59 + -19. What is the greatest common divisor of g and 8?
8
Let a be (-63)/18*184/(-7). Let m be (-3 + 1 - 3)*-4. Let k = m + 3. What is the highest common divisor of a and k?
23
Let j = 573 + -303. Let x be 20/6*j/50. Calculate the greatest common divisor of 2 and x.
2
Let u be (3/2)/(6/4). Let b be 3*u/(-3) + 11. Calculate the highest common factor of 90 and b.
10
Suppose -2*k + 27 = h - 7*k, 4*h - k - 13 = 0. Let f = 4 + h. Suppose -c - 30 = -f*c. What is the greatest common factor of c and 18?
6
Suppose 9*z + 238 = -14. Let m = 70 + z. Suppose 0*b = b - 28. What is the greatest common divisor of m and b?
14
Suppose 2*r - 15 = -3*n, 3*n + n - 5*r = -3. Suppose 124 = n*w - 98. Suppose 0 = -3*d + 37 + w. Calculate the greatest common divisor of 148 and d.
37
Suppose -2 - 30 = -r. What is the greatest common factor of r and 224?
32
Let p be (-15)/40*2*-24. Let w(g) = -g**3 + 18*g**2 + 4*g + 8. Let c be w(p). Calculate the highest common divisor of c and 10.
10
Let o = -31 - -36. Suppose q + 36 = o*q. What is the greatest common factor of q and 72?
9
Let k = 78 + -74. Let j be (k + -8)/(6/(-12)). Calculate the greatest common divisor of 88 and j.
8
Suppose -2*d = -2*a + 420, -2*a + 144 + 276 = -4*d. Calculate the highest common divisor of a and 60.
30
Let t be 2 + 2 + (-7 - -5). Let i be 12/8*t - -1. Suppose -8*r + 48 = -i*r. Calculate the highest common divisor of r and 3.
3
Let q = -154 + 167. Suppose 5*y - 8 = -2*d - 5, 3*y = -4*d + q. Calculate the greatest common factor of 32 and d.
4
Let j be 4/18 - 553/(-63). Let f(o) = 0*o**2 + 12 + j*o - 2*o**2 - 6*o**2 - o**3. Let h be f(-9). Calculate the highest common divisor of 48 and h.
12
Let i(o) = 5*o**2 + 72. Let t be i(0). Calculate the highest common divisor of t and 9.
9
Let j(b) = -4 - 114*b + 22 + 3. Let s be j(-10). Suppose 0 = -4*o + p + s, -o + 272 = -5*p - 23. What is the highest common divisor of 29 and o?
29
Let v = -43 + 45. Suppose -37 = -v*y + 53. What is the greatest common divisor of y and 30?
15
Suppose 466 = 6*w - 2606. Calculate the highest common factor of w and 384.
128
Suppose 14*h = 10*h + 2*l + 556, l = h - 138. What is the greatest common factor of 252 and h?
28
Let q = -12 + 52. Let x = q - 20. Calculate the highest common divisor of 120 and x.
20
Let a be (5/(-7))/(40/(-840)). Suppose 8 + 1 = 3*p. Suppose 278 + 37 = p*x. What is the highest common factor of a and x?
15
Let n = -17 + 6. Let d be 110/n*(-2)/(-5). Let l(v) = -8*v - 2. Let f be l(d). Calculate the greatest common factor of f and 120.
30
Suppose -40 = -i - 4*c, 0*i + 2*c = 5*i - 156. Let z be (i - -2) + (-8 - -10). Calculate the greatest common divisor of z and 9.
9
Suppose 3*y + a - 196 = 0, -336 = -5*y - 2*a + 5*a. Suppose 316 + 656 = -9*h. Let d = 57 - h. Calculate the highest common divisor of d and y.
33
Let r = -30 - -50. Let y be (-3212)/(-110) + (-4)/(-5). What is the highest common divisor of r and y?
10
Let l(n) = 23*n**2 - 42*n - 232. Let i be l(-5). Calculate the highest common factor of 14 and i.
7
Let x(r) = 3*r + 1. Let j be x(-2). Let p = -3 - j. Suppose -3*n = -7*n - 4, -p*a - 2*n + 16 = 0. Calculate the highest common factor of 72 and a.
9
Let v be -11*(4*(-2 - -1) + 3). Suppose a + 13 = 3*r, -4*a - 2*r + v = -7. Calculate the greatest common divisor of 10 and a.
2
Let a = -50 - -33. Let u = a - -47. What is the highest common divisor of u and 210?
30
Let c = 47 + -36. Calculate the highest common factor of c and 11.
11
Let d = 0 - -40. Let o be 197/2 - (-159)/106. What is the greatest common factor of d and o?
20
Suppose 3*i - 20 = 2*f - 6*f, -3*i = -12. Suppose q = -f*v + 141, -4*v + 8*q - 3*q = -275. Calculate the greatest common factor of v and 28.
14
Let a(v) be the second derivative of -20*v**3/3 - 3*v**2/2 + 30*v. Let d be 1/(2 + -3)*2. Let x be a(d). What is the highest common factor of 7 and x?
7
Let g = 106 - -87. Let a = g - 133. What is the highest common factor of 20 and a?
20
Let k(t) = 2*t**2 + 5*t + 3. Let n be k(-2). Let h be (-2 - -1)/(6/(-48)). Let m be 10/4*h/10. Calculate the greatest common factor of n and m.
1
Suppose 10*y - 5*y + 3*k = -15, 5*y - k + 15 = 0. Let z be 59/2 + y/2. Let b = -65 - -135. Calculate the greatest common factor of z and b.
14
Let o(a) = a**3 - 10*a**2 + 36*a - 54. Let u be o(7). Let y = 10 + -7. What is the highest common divisor of u and y?
3
Suppose 34 + 26 = 4*m. Let n(j) = j**2 + 21*j + 158. Let k be n(-7). Calculate the highest common factor of m and k.
15
Let g be -2*(-18)/96 + (-501)/(-8). Calculate the highest common divisor of 21 and g.
21
Suppose o = 3*o - 150. Let a(w) = 15 - 10 - 14*w + 4*w. Let h be a(-1). Calculate the greatest common divisor of h and o.
15
Let l be (18 + -20)/(147/30 - 5). Let x = -32 - -152. Suppose 0 = -u + x + 20. Calculate the highest common factor of u and l.
20
Let t = 1247 + -1169. Calculate the highest common factor of t and 54.
6
Let y(u) = -u**3 - 68*u**2 - 74*u - 430. Let h be y(-67). Let q = 9 + 17. Calculate the greatest common factor of q and h.
13
Let u = -324 - -464. Suppose -3*w = -37 - 8. Let q be 204/w + (-5)/(-50)*4. What is the highest common divisor of u and q?
14
Let x = -3 - 5. Suppose 7*j - 6*j - 11 = 0. Let v = x + j. What is the greatest common divisor of v and 3?
3
Suppose 29*c - 3888 = -79*c. Calculate the highest common factor of 306 and c.
18
Suppose 0*u - 2*y = u - 907, -u - y + 908 = 0. Let g be u/12 + 6/(-8). Calculate the greatest common divisor of g and 5.
5
Suppose -3*y + 6*y - 12 = 0. Let i = -203 + 223. What is the highest common divisor of i and y?
4
Let s(d) = -d**3 + 8*d**2 + 9*d. Let a be s(8). Suppose f + 2*k - 46 = 0, 21*k = 16*k - 5. Calculate the highest common divisor of a and f.
24
Suppose -4*y + 154 = -2*b, -2*y + 5*b + 92 = b. What is the highest common divisor of 396 and y?
36
Let v be -145*(2 + (-2 - 1)). What is the greatest common divisor of v and 29?
29
Let o(y) = 141*y**2 - 136*y. Let j be o(1). Let p(c) = -c**3 + 8*c**2 - 4*c + 5. Let s be p(5). What is the greatest common factor of j and s?
5
Let g(j) be the second derivative of j**4/12 + j**3/2 - 9*j**2 - 8*j. Let t be g(15). Calculate the greatest common divisor of t and 28.
28
Let b(r) = -3*r**2 + 2*r - 4. Let l(v) = -8*v**2 + 6*v - 12. Let i(c) = -7*b(c) + 2*l(c). Let x be i(2). What is the highest common fact